{"id":107,"date":"2018-04-24T15:33:37","date_gmt":"2018-04-24T13:33:37","guid":{"rendered":"https:\/\/cavalcade.lu\/mentions-legales\/"},"modified":"2020-12-08T14:47:46","modified_gmt":"2020-12-08T13:47:46","slug":"impressum","status":"publish","type":"page","link":"https:\/\/cavalcade.lu\/de\/impressum\/","title":{"rendered":"Impressum"},"content":{"rendered":"<h1>Gesetzliche Informationen &amp; Nutzungsbedingungen<\/h1>\n<h3>Verantwortlicher Herausgeber<\/h3>\n<p>d&#8217;Eselen aus der Sauerstad Dikrich<br \/>\n<span style=\"line-height: 1.5;\">Bo\u00eete postale 131 | L-9202 Diekirch<\/span><\/p>\n<h3>COPYRIGHT<\/h3>\n<p>\u00a9 2015 \u200bd&#8217;Eselen aus der Sauerstad Dikrich &amp; SAN&#8217;DESIGN \/\u00a0Sandro Dimola, \u200balle Rechte vorbehalten.<\/p>\n<p>Fotos &amp; Illustrations: \u00a9 d&#8217;Eselen aus der Sauerstad Dikrich &amp; SAN&#8217;DESIGN\u00a0\/\u00a0Sandro Dimola<\/p>\n<p>Alle Texte, Abbildungen und sonstige Inhalte sind urheberrechtlich gesch\u00fctzt.\u00a0Jegliche Vervielf\u00e4ltigung oder Weiterverbreitung ohne vorherige schriftliche Genehmigung ist strengstens untersagt.<\/p>\n<h3>WEB DESIGN<\/h3>\n<p>S\u200bAN\u2018DESIGN<\/p>\n<p>Agentur f\u00fcr Kommunikation<\/p>\n<p>Kapellestrooss 9<br \/>\n9780 Wincrange<br \/>\nLuxembourg<br \/>\nT\u00e9l.: +352 \/ 26 91 49 80<br \/>\n<a href=\"http:\/\/www.san.lu\/\">http:\/\/www.san.lu\/<\/a><br \/>\nVAT ID: LU 23210683<\/p>\n<h3>REALISATION<\/h3>\n<p>AEDES IT S.\u00e0.r.l.<\/p>\n<p><span style=\"line-height: 1.5;\">Am Hock, 4<br \/>\n<\/span><span style=\"line-height: 1.5;\">9991 Weiswampach<br \/>\n<\/span><span style=\"line-height: 1.5;\">Luxembourg<br \/>\n<\/span><a style=\"line-height: 1.5;\" href=\"http:\/\/www.aedesit.com\/\">http:\/\/www.aedesit.com<\/a><br \/>\n<span style=\"line-height: 1.5;\">VAT ID: LU 26523616<\/span><\/p>\n<h3>WEB HOSTING \/ DATACENTER<\/h3>\n<p>SAS OVH<\/p>\n<p>Rue Kellermann, 2<br \/>\n<span style=\"line-height: 1.5;\">59100 Roubaix<br \/>\n<\/span><span style=\"line-height: 1.5;\">France<br \/>\n<\/span><span style=\"line-height: 1.5;\">VAT ID: FR 22 424 761 419<br \/>\n<\/span><a style=\"line-height: 1.5;\" href=\"https:\/\/www.ovh.com\/fr\/support\/documents_legaux\">https:\/\/www.ovh.com\/fr\/support\/documents_legaux<\/a><\/p>\n<h2>Gesetzliche Informationen &amp; Nutzungsbedingungen<\/h2>\n<h3>Haftungshinweis<\/h3>\n<p>Alle Informationen in dieser Website wurden sorgf\u00e4ltig recherchiert. Dennoch haftet der Herausgeber nicht f\u00fcr die Richtigkeit der genannten Informationen. Alle Angaben erfolgen ohne Gew\u00e4hr.<\/p>\n<p>Trotz sorgf\u00e4ltiger inhaltlicher Kontrolle \u00fcbernehmen wir keine Haftung f\u00fcr die Inhalte externer Links. F\u00fcr den Inhalt der verlinkten Seiten sind ausschlie\u00dflich deren Betreiber verantwortlich.<\/p>\n<h3>Datenschutz<\/h3>\n<p>Wir nehmen den Schutz Ihrer pers\u00f6nlichen Daten sehr ernst und halten uns strikt an die Regeln der Datenschutzgesetze. Personenbezogene Daten werden auf dieser Webseite nur im technisch notwendigen Umfang oder zur Verbesserung unseres Website-Angebots erhoben. In keinem Fall werden die erhobenen Daten verkauft oder aus anderen Gr\u00fcnden an Dritte weitergegeben.<\/p>\n<p>Diese Website erhebt und speichert automatisch Informationen, die Ihr Browser an uns \u00fcbermittelt. Diese Daten sind nicht bestimmten Personen zuordenbar und dienen rein statistischen Zwecken. Eine Zusammenf\u00fchrung dieser Daten mit anderen Datenquellen wird nicht vorgenommen.<\/p>\n<p>Diese Website verwendet Cookies. Durch die Verwendung dieser Website stimmen Sie zu, dass wir sitzungs-spezifische und sitzungs-\u00fcbergreifende Cookies in Ihrem Browser zur Verbessungen der Websiteerfahrung und zum Speichern von anonymen Websitepr\u00e4ferenzen, ablegen. In Ihrem Browser haben Sie jederzeit die M\u00f6glichkeit, Cookies zu blockieren oder zu l\u00f6schen.<\/p>\n<p>Wenn Sie einen auf der Webseite angebotenen Newsletter empfangen m\u00f6chten, ben\u00f6tigen wir von Ihnen eine valide Email-Adresse sowie Informationen, die uns die \u00dcberpr\u00fcfung gestatten, dass Sie der Inhaber der angegebenen Email-Adresse sind bzw. deren Inhaber mit dem Empfang des Newsletters einverstanden ist. Ihre Einwilligung zur Speicherung der Daten, der Email-Adresse sowie deren Nutzung zum Versand des Newsletters k\u00f6nnen Sie jederzeit widerrufen.<\/p>\n<p>Sie haben jederzeit das Recht auf Auskunft oder Ab\u00e4nderung \u00fcber die bez\u00fcglich Ihrer Person gespeicherten Daten, deren Herkunft und Empf\u00e4nger sowie den Zweck der Speicherung. Bitte kontaktieren Sie uns, wenn Sie von diesem Recht Gebrauch machen m\u00f6chten.<\/p>\n","protected":false},"excerpt":{"rendered":"<p>Gesetzliche Informationen &amp; Nutzungsbedingungen Verantwortlicher Herausgeber d&#8217;Eselen aus der Sauerstad Dikrich Bo\u00eete postale 131 | L-9202 Diekirch COPYRIGHT \u00a9 2015 [&hellip;]<\/p>\n","protected":false},"author":2,"featured_media":0,"parent":0,"menu_order":29,"comment_status":"closed","ping_status":"closed","template":"page-imprint.php","meta":{"footnotes":""},"acf":[],"yoast_head":"<!-- This site is optimized with the Yoast SEO plugin v21.9.1 - https:\/\/yoast.com\/wordpress\/plugins\/seo\/ -->\n<title>Impressum - Carnaval de Diekirch<\/title>\n<meta name=\"description\" content=\"Depuis 1870, la cavalcade de Diekirch est la coutume du carnaval luxembourgeois.\" \/>\n<meta name=\"robots\" content=\"index, follow, max-snippet:-1, max-image-preview:large, max-video-preview:-1\" \/>\n<link rel=\"canonical\" href=\"https:\/\/cavalcade.lu\/de\/impressum\/\" \/>\n<meta property=\"og:locale\" content=\"de_DE\" \/>\n<meta property=\"og:type\" content=\"article\" \/>\n<meta property=\"og:title\" content=\"Impressum - Carnaval de Diekirch\" \/>\n<meta property=\"og:description\" content=\"Depuis 1870, la cavalcade de Diekirch est la coutume du carnaval luxembourgeois.\" \/>\n<meta property=\"og:url\" content=\"https:\/\/cavalcade.lu\/de\/impressum\/\" \/>\n<meta property=\"og:site_name\" content=\"Carnaval de Diekirch\" \/>\n<meta property=\"article:modified_time\" content=\"2020-12-08T13:47:46+00:00\" \/>\n<meta name=\"twitter:card\" content=\"summary_large_image\" \/>\n<meta name=\"twitter:label1\" content=\"Gesch\u00e4tzte Lesezeit\" \/>\n\t<meta name=\"twitter:data1\" content=\"2\u00a0Minuten\" \/>\n<script type=\"application\/ld+json\" class=\"yoast-schema-graph\">{\"@context\":\"https:\/\/schema.org\",\"@graph\":[{\"@type\":\"WebPage\",\"@id\":\"https:\/\/cavalcade.lu\/de\/impressum\/\",\"url\":\"https:\/\/cavalcade.lu\/de\/impressum\/\",\"name\":\"Impressum - Carnaval de Diekirch\",\"isPartOf\":{\"@id\":\"https:\/\/cavalcade.lu\/fr\/#website\"},\"datePublished\":\"2018-04-24T13:33:37+00:00\",\"dateModified\":\"2020-12-08T13:47:46+00:00\",\"description\":\"Depuis 1870, la cavalcade de Diekirch est la coutume du carnaval luxembourgeois.\",\"breadcrumb\":{\"@id\":\"https:\/\/cavalcade.lu\/de\/impressum\/#breadcrumb\"},\"inLanguage\":\"de\",\"potentialAction\":[{\"@type\":\"ReadAction\",\"target\":[\"https:\/\/cavalcade.lu\/de\/impressum\/\"]}]},{\"@type\":\"BreadcrumbList\",\"@id\":\"https:\/\/cavalcade.lu\/de\/impressum\/#breadcrumb\",\"itemListElement\":[{\"@type\":\"ListItem\",\"position\":1,\"name\":\"Home\",\"item\":\"https:\/\/cavalcade.lu\/de\/\"},{\"@type\":\"ListItem\",\"position\":2,\"name\":\"Impressum\"}]},{\"@type\":\"WebSite\",\"@id\":\"https:\/\/cavalcade.lu\/fr\/#website\",\"url\":\"https:\/\/cavalcade.lu\/fr\/\",\"name\":\"Carnaval de Diekirch\",\"description\":\"Depuis 1870, la cavalcade de Diekirch est la coutume du carnaval luxembourgeois.\",\"potentialAction\":[{\"@type\":\"SearchAction\",\"target\":{\"@type\":\"EntryPoint\",\"urlTemplate\":\"https:\/\/cavalcade.lu\/fr\/?s={search_term_string}\"},\"query-input\":\"required name=search_term_string\"}],\"inLanguage\":\"de\"}]}<\/script>\n<!-- \/ Yoast SEO plugin. -->","yoast_head_json":{"title":"Impressum - Carnaval de Diekirch","description":"Depuis 1870, la cavalcade de Diekirch est la coutume du carnaval luxembourgeois.","robots":{"index":"index","follow":"follow","max-snippet":"max-snippet:-1","max-image-preview":"max-image-preview:large","max-video-preview":"max-video-preview:-1"},"canonical":"https:\/\/cavalcade.lu\/de\/impressum\/","og_locale":"de_DE","og_type":"article","og_title":"Impressum - Carnaval de Diekirch","og_description":"Depuis 1870, la cavalcade de Diekirch est la coutume du carnaval luxembourgeois.","og_url":"https:\/\/cavalcade.lu\/de\/impressum\/","og_site_name":"Carnaval de Diekirch","article_modified_time":"2020-12-08T13:47:46+00:00","twitter_card":"summary_large_image","twitter_misc":{"Gesch\u00e4tzte Lesezeit":"2\u00a0Minuten"},"schema":{"@context":"https:\/\/schema.org","@graph":[{"@type":"WebPage","@id":"https:\/\/cavalcade.lu\/de\/impressum\/","url":"https:\/\/cavalcade.lu\/de\/impressum\/","name":"Impressum - Carnaval de Diekirch","isPartOf":{"@id":"https:\/\/cavalcade.lu\/fr\/#website"},"datePublished":"2018-04-24T13:33:37+00:00","dateModified":"2020-12-08T13:47:46+00:00","description":"Depuis 1870, la cavalcade de Diekirch est la coutume du carnaval luxembourgeois.","breadcrumb":{"@id":"https:\/\/cavalcade.lu\/de\/impressum\/#breadcrumb"},"inLanguage":"de","potentialAction":[{"@type":"ReadAction","target":["https:\/\/cavalcade.lu\/de\/impressum\/"]}]},{"@type":"BreadcrumbList","@id":"https:\/\/cavalcade.lu\/de\/impressum\/#breadcrumb","itemListElement":[{"@type":"ListItem","position":1,"name":"Home","item":"https:\/\/cavalcade.lu\/de\/"},{"@type":"ListItem","position":2,"name":"Impressum"}]},{"@type":"WebSite","@id":"https:\/\/cavalcade.lu\/fr\/#website","url":"https:\/\/cavalcade.lu\/fr\/","name":"Carnaval de Diekirch","description":"Depuis 1870, la cavalcade de Diekirch est la coutume du carnaval luxembourgeois.","potentialAction":[{"@type":"SearchAction","target":{"@type":"EntryPoint","urlTemplate":"https:\/\/cavalcade.lu\/fr\/?s={search_term_string}"},"query-input":"required name=search_term_string"}],"inLanguage":"de"}]}},"_links":{"self":[{"href":"https:\/\/cavalcade.lu\/de\/wp-json\/wp\/v2\/pages\/107"}],"collection":[{"href":"https:\/\/cavalcade.lu\/de\/wp-json\/wp\/v2\/pages"}],"about":[{"href":"https:\/\/cavalcade.lu\/de\/wp-json\/wp\/v2\/types\/page"}],"author":[{"embeddable":true,"href":"https:\/\/cavalcade.lu\/de\/wp-json\/wp\/v2\/users\/2"}],"replies":[{"embeddable":true,"href":"https:\/\/cavalcade.lu\/de\/wp-json\/wp\/v2\/comments?post=107"}],"version-history":[{"count":0,"href":"https:\/\/cavalcade.lu\/de\/wp-json\/wp\/v2\/pages\/107\/revisions"}],"wp:attachment":[{"href":"https:\/\/cavalcade.lu\/de\/wp-json\/wp\/v2\/media?parent=107"}],"curies":[{"name":"wp","href":"https:\/\/api.w.org\/{rel}","templated":true}]}}

<h1>Gesetzliche Informationen &amp; Nutzungsbedingungen</h1>
<h3>Verantwortlicher Herausgeber</h3>
<p>d&#8217;Eselen aus der Sauerstad Dikrich<br />
<span style="line-height: 1.5;">Boîte postale 131 | L-9202 Diekirch</span></p>
<h3>COPYRIGHT</h3>
<p>© 2015 ​d&#8217;Eselen aus der Sauerstad Dikrich &amp; SAN&#8217;DESIGN / Sandro Dimola, ​alle Rechte vorbehalten.</p>
<p>Fotos &amp; Illustrations: © d&#8217;Eselen aus der Sauerstad Dikrich &amp; SAN&#8217;DESIGN / Sandro Dimola</p>
<p>Alle Texte, Abbildungen und sonstige Inhalte sind urheberrechtlich geschützt. Jegliche Vervielfältigung oder Weiterverbreitung ohne vorherige schriftliche Genehmigung ist strengstens untersagt.</p>
<h3>WEB DESIGN</h3>
<p>S​AN‘DESIGN</p>
<p>Agentur für Kommunikation</p>
<p>Kapellestrooss 9<br />
9780 Wincrange<br />
Luxembourg<br />
Tél.: +352 / 26 91 49 80<br />
<a href="http://www.san.lu/">http://www.san.lu/</a><br />
VAT ID: LU 23210683</p>
<h3>REALISATION</h3>
<p>AEDES IT S.à.r.l.</p>
<p><span style="line-height: 1.5;">Am Hock, 4<br />
</span><span style="line-height: 1.5;">9991 Weiswampach<br />
</span><span style="line-height: 1.5;">Luxembourg<br />
</span><a style="line-height: 1.5;" href="http://www.aedesit.com/">http://www.aedesit.com</a><br />
<span style="line-height: 1.5;">VAT ID: LU 26523616</span></p>
<h3>WEB HOSTING / DATACENTER</h3>
<p>SAS OVH</p>
<p>Rue Kellermann, 2<br />
<span style="line-height: 1.5;">59100 Roubaix<br />
</span><span style="line-height: 1.5;">France<br />
</span><span style="line-height: 1.5;">VAT ID: FR 22 424 761 419<br />
</span><a style="line-height: 1.5;" href="https://www.ovh.com/fr/support/documents_legaux">https://www.ovh.com/fr/support/documents_legaux</a></p>
<h2>Gesetzliche Informationen &amp; Nutzungsbedingungen</h2>
<h3>Haftungshinweis</h3>
<p>Alle Informationen in dieser Website wurden sorgfältig recherchiert. Dennoch haftet der Herausgeber nicht für die Richtigkeit der genannten Informationen. Alle Angaben erfolgen ohne Gewähr.</p>
<p>Trotz sorgfältiger inhaltlicher Kontrolle übernehmen wir keine Haftung für die Inhalte externer Links. Für den Inhalt der verlinkten Seiten sind ausschließlich deren Betreiber verantwortlich.</p>
<h3>Datenschutz</h3>
<p>Wir nehmen den Schutz Ihrer persönlichen Daten sehr ernst und halten uns strikt an die Regeln der Datenschutzgesetze. Personenbezogene Daten werden auf dieser Webseite nur im technisch notwendigen Umfang oder zur Verbesserung unseres Website-Angebots erhoben. In keinem Fall werden die erhobenen Daten verkauft oder aus anderen Gründen an Dritte weitergegeben.</p>
<p>Diese Website erhebt und speichert automatisch Informationen, die Ihr Browser an uns übermittelt. Diese Daten sind nicht bestimmten Personen zuordenbar und dienen rein statistischen Zwecken. Eine Zusammenführung dieser Daten mit anderen Datenquellen wird nicht vorgenommen.</p>
<p>Diese Website verwendet Cookies. Durch die Verwendung dieser Website stimmen Sie zu, dass wir sitzungs-spezifische und sitzungs-übergreifende Cookies in Ihrem Browser zur Verbessungen der Websiteerfahrung und zum Speichern von anonymen Websitepräferenzen, ablegen. In Ihrem Browser haben Sie jederzeit die Möglichkeit, Cookies zu blockieren oder zu löschen.</p>
<p>Wenn Sie einen auf der Webseite angebotenen Newsletter empfangen möchten, benötigen wir von Ihnen eine valide Email-Adresse sowie Informationen, die uns die Überprüfung gestatten, dass Sie der Inhaber der angegebenen Email-Adresse sind bzw. deren Inhaber mit dem Empfang des Newsletters einverstanden ist. Ihre Einwilligung zur Speicherung der Daten, der Email-Adresse sowie deren Nutzung zum Versand des Newsletters können Sie jederzeit widerrufen.</p>
<p>Sie haben jederzeit das Recht auf Auskunft oder Abänderung über die bezüglich Ihrer Person gespeicherten Daten, deren Herkunft und Empfänger sowie den Zweck der Speicherung. Bitte kontaktieren Sie uns, wenn Sie von diesem Recht Gebrauch machen möchten.</p>

<p>Gesetzliche Informationen &amp; Nutzungsbedingungen Verantwortlicher Herausgeber d&#8217;Eselen aus der Sauerstad Dikrich Boîte postale 131 | L-9202 Diekirch COPYRIGHT © 2015 [&hellip;]</p>

<!-- This site is optimized with the Yoast SEO plugin v21.9.1 - https://yoast.com/wordpress/plugins/seo/ -->
<title>Impressum - Carnaval de Diekirch</title>
<meta name="description" content="Depuis 1870, la cavalcade de Diekirch est la coutume du carnaval luxembourgeois." />
<meta name="robots" content="index, follow, max-snippet:-1, max-image-preview:large, max-video-preview:-1" />
<link rel="canonical" href="https://cavalcade.lu/de/impressum/" />
<meta property="og:locale" content="de_DE" />
<meta property="og:type" content="article" />
<meta property="og:title" content="Impressum - Carnaval de Diekirch" />
<meta property="og:description" content="Depuis 1870, la cavalcade de Diekirch est la coutume du carnaval luxembourgeois." />
<meta property="og:url" content="https://cavalcade.lu/de/impressum/" />
<meta property="og:site_name" content="Carnaval de Diekirch" />
<meta property="article:modified_time" content="2020-12-08T13:47:46+00:00" />
<meta name="twitter:card" content="summary_large_image" />
<meta name="twitter:label1" content="Geschätzte Lesezeit" />
	<meta name="twitter:data1" content="2 Minuten" />
<script type="application/ld+json" class="yoast-schema-graph">{"@context":"https://schema.org","@graph":[{"@type":"WebPage","@id":"https://cavalcade.lu/de/impressum/","url":"https://cavalcade.lu/de/impressum/","name":"Impressum - Carnaval de Diekirch","isPartOf":{"@id":"https://cavalcade.lu/fr/#website"},"datePublished":"2018-04-24T13:33:37+00:00","dateModified":"2020-12-08T13:47:46+00:00","description":"Depuis 1870, la cavalcade de Diekirch est la coutume du carnaval luxembourgeois.","breadcrumb":{"@id":"https://cavalcade.lu/de/impressum/#breadcrumb"},"inLanguage":"de","potentialAction":[{"@type":"ReadAction","target":["https://cavalcade.lu/de/impressum/"]}]},{"@type":"BreadcrumbList","@id":"https://cavalcade.lu/de/impressum/#breadcrumb","itemListElement":[{"@type":"ListItem","position":1,"name":"Home","item":"https://cavalcade.lu/de/"},{"@type":"ListItem","position":2,"name":"Impressum"}]},{"@type":"WebSite","@id":"https://cavalcade.lu/fr/#website","url":"https://cavalcade.lu/fr/","name":"Carnaval de Diekirch","description":"Depuis 1870, la cavalcade de Diekirch est la coutume du carnaval luxembourgeois.","potentialAction":[{"@type":"SearchAction","target":{"@type":"EntryPoint","urlTemplate":"https://cavalcade.lu/fr/?s={search_term_string}"},"query-input":"required name=search_term_string"}],"inLanguage":"de"}]}</script>
<!-- / Yoast SEO plugin. -->
