{"id":6635,"date":"2023-10-19T14:10:31","date_gmt":"2023-10-19T12:10:31","guid":{"rendered":"https:\/\/cavalcade.lu\/?page_id=6635"},"modified":"2025-10-16T16:00:06","modified_gmt":"2025-10-16T14:00:06","slug":"anmeldung-umzug-2026","status":"publish","type":"page","link":"https:\/\/cavalcade.lu\/de\/anmeldung-umzug-2026\/","title":{"rendered":"Anmeldung"},"content":{"rendered":"<h1>Anmeldung f\u00fcr den Umzug<\/h1>\n<h2>der 58. Kavalkade in Diekirch, am 15. Februar 2026<\/h2>\n<h3>bis sp\u00e4testens 1. Dezember 2025<\/h3>\n<p>Die H\u00f6chstzahl der beteiligenden Gruppen (einschlie\u00dflich der Musikvereine und Fahrzeuge) betr\u00e4gt 50\u00a0Einheiten.<\/p>\n","protected":false},"excerpt":{"rendered":"<p>Anmeldung f\u00fcr den Umzug der 58. Kavalkade in Diekirch, am 15. Februar 2026 bis sp\u00e4testens 1. Dezember 2025 Die H\u00f6chstzahl [&hellip;]<\/p>\n","protected":false},"author":2,"featured_media":0,"parent":0,"menu_order":23,"comment_status":"closed","ping_status":"closed","template":"page-inscription.php","meta":{"footnotes":""},"acf":[],"yoast_head":"<!-- This site is optimized with the Yoast SEO plugin v21.9.1 - https:\/\/yoast.com\/wordpress\/plugins\/seo\/ -->\n<title>Anmeldung - Carnaval de Diekirch<\/title>\n<meta name=\"description\" content=\"Depuis 1870, la cavalcade de Diekirch est la coutume du carnaval luxembourgeois.\" \/>\n<meta name=\"robots\" content=\"index, follow, max-snippet:-1, max-image-preview:large, max-video-preview:-1\" \/>\n<link rel=\"canonical\" href=\"https:\/\/cavalcade.lu\/de\/anmeldung-umzug-2026\/\" \/>\n<meta property=\"og:locale\" content=\"de_DE\" \/>\n<meta property=\"og:type\" content=\"article\" \/>\n<meta property=\"og:title\" content=\"Anmeldung - Carnaval de Diekirch\" \/>\n<meta property=\"og:description\" content=\"Depuis 1870, la cavalcade de Diekirch est la coutume du carnaval luxembourgeois.\" \/>\n<meta property=\"og:url\" content=\"https:\/\/cavalcade.lu\/de\/anmeldung-umzug-2026\/\" \/>\n<meta property=\"og:site_name\" content=\"Carnaval de Diekirch\" \/>\n<meta property=\"article:modified_time\" content=\"2025-10-16T14:00:06+00:00\" \/>\n<meta name=\"twitter:card\" content=\"summary_large_image\" \/>\n<meta name=\"twitter:label1\" content=\"Gesch\u00e4tzte Lesezeit\" \/>\n\t<meta name=\"twitter:data1\" content=\"1\u00a0Minute\" \/>\n<script type=\"application\/ld+json\" class=\"yoast-schema-graph\">{\"@context\":\"https:\/\/schema.org\",\"@graph\":[{\"@type\":\"WebPage\",\"@id\":\"https:\/\/cavalcade.lu\/de\/anmeldung-umzug-2026\/\",\"url\":\"https:\/\/cavalcade.lu\/de\/anmeldung-umzug-2026\/\",\"name\":\"Anmeldung - Carnaval de Diekirch\",\"isPartOf\":{\"@id\":\"https:\/\/cavalcade.lu\/fr\/#website\"},\"datePublished\":\"2023-10-19T12:10:31+00:00\",\"dateModified\":\"2025-10-16T14:00:06+00:00\",\"description\":\"Depuis 1870, la cavalcade de Diekirch est la coutume du carnaval luxembourgeois.\",\"breadcrumb\":{\"@id\":\"https:\/\/cavalcade.lu\/de\/anmeldung-umzug-2026\/#breadcrumb\"},\"inLanguage\":\"de\",\"potentialAction\":[{\"@type\":\"ReadAction\",\"target\":[\"https:\/\/cavalcade.lu\/de\/anmeldung-umzug-2026\/\"]}]},{\"@type\":\"BreadcrumbList\",\"@id\":\"https:\/\/cavalcade.lu\/de\/anmeldung-umzug-2026\/#breadcrumb\",\"itemListElement\":[{\"@type\":\"ListItem\",\"position\":1,\"name\":\"Home\",\"item\":\"https:\/\/cavalcade.lu\/de\/\"},{\"@type\":\"ListItem\",\"position\":2,\"name\":\"Anmeldung\"}]},{\"@type\":\"WebSite\",\"@id\":\"https:\/\/cavalcade.lu\/fr\/#website\",\"url\":\"https:\/\/cavalcade.lu\/fr\/\",\"name\":\"Carnaval de Diekirch\",\"description\":\"Depuis 1870, la cavalcade de Diekirch est la coutume du carnaval luxembourgeois.\",\"potentialAction\":[{\"@type\":\"SearchAction\",\"target\":{\"@type\":\"EntryPoint\",\"urlTemplate\":\"https:\/\/cavalcade.lu\/fr\/?s={search_term_string}\"},\"query-input\":\"required name=search_term_string\"}],\"inLanguage\":\"de\"}]}<\/script>\n<!-- \/ Yoast SEO plugin. -->","yoast_head_json":{"title":"Anmeldung - Carnaval de Diekirch","description":"Depuis 1870, la cavalcade de Diekirch est la coutume du carnaval luxembourgeois.","robots":{"index":"index","follow":"follow","max-snippet":"max-snippet:-1","max-image-preview":"max-image-preview:large","max-video-preview":"max-video-preview:-1"},"canonical":"https:\/\/cavalcade.lu\/de\/anmeldung-umzug-2026\/","og_locale":"de_DE","og_type":"article","og_title":"Anmeldung - Carnaval de Diekirch","og_description":"Depuis 1870, la cavalcade de Diekirch est la coutume du carnaval luxembourgeois.","og_url":"https:\/\/cavalcade.lu\/de\/anmeldung-umzug-2026\/","og_site_name":"Carnaval de Diekirch","article_modified_time":"2025-10-16T14:00:06+00:00","twitter_card":"summary_large_image","twitter_misc":{"Gesch\u00e4tzte Lesezeit":"1\u00a0Minute"},"schema":{"@context":"https:\/\/schema.org","@graph":[{"@type":"WebPage","@id":"https:\/\/cavalcade.lu\/de\/anmeldung-umzug-2026\/","url":"https:\/\/cavalcade.lu\/de\/anmeldung-umzug-2026\/","name":"Anmeldung - Carnaval de Diekirch","isPartOf":{"@id":"https:\/\/cavalcade.lu\/fr\/#website"},"datePublished":"2023-10-19T12:10:31+00:00","dateModified":"2025-10-16T14:00:06+00:00","description":"Depuis 1870, la cavalcade de Diekirch est la coutume du carnaval luxembourgeois.","breadcrumb":{"@id":"https:\/\/cavalcade.lu\/de\/anmeldung-umzug-2026\/#breadcrumb"},"inLanguage":"de","potentialAction":[{"@type":"ReadAction","target":["https:\/\/cavalcade.lu\/de\/anmeldung-umzug-2026\/"]}]},{"@type":"BreadcrumbList","@id":"https:\/\/cavalcade.lu\/de\/anmeldung-umzug-2026\/#breadcrumb","itemListElement":[{"@type":"ListItem","position":1,"name":"Home","item":"https:\/\/cavalcade.lu\/de\/"},{"@type":"ListItem","position":2,"name":"Anmeldung"}]},{"@type":"WebSite","@id":"https:\/\/cavalcade.lu\/fr\/#website","url":"https:\/\/cavalcade.lu\/fr\/","name":"Carnaval de Diekirch","description":"Depuis 1870, la cavalcade de Diekirch est la coutume du carnaval luxembourgeois.","potentialAction":[{"@type":"SearchAction","target":{"@type":"EntryPoint","urlTemplate":"https:\/\/cavalcade.lu\/fr\/?s={search_term_string}"},"query-input":"required name=search_term_string"}],"inLanguage":"de"}]}},"_links":{"self":[{"href":"https:\/\/cavalcade.lu\/de\/wp-json\/wp\/v2\/pages\/6635"}],"collection":[{"href":"https:\/\/cavalcade.lu\/de\/wp-json\/wp\/v2\/pages"}],"about":[{"href":"https:\/\/cavalcade.lu\/de\/wp-json\/wp\/v2\/types\/page"}],"author":[{"embeddable":true,"href":"https:\/\/cavalcade.lu\/de\/wp-json\/wp\/v2\/users\/2"}],"replies":[{"embeddable":true,"href":"https:\/\/cavalcade.lu\/de\/wp-json\/wp\/v2\/comments?post=6635"}],"version-history":[{"count":0,"href":"https:\/\/cavalcade.lu\/de\/wp-json\/wp\/v2\/pages\/6635\/revisions"}],"wp:attachment":[{"href":"https:\/\/cavalcade.lu\/de\/wp-json\/wp\/v2\/media?parent=6635"}],"curies":[{"name":"wp","href":"https:\/\/api.w.org\/{rel}","templated":true}]}}

<h1>Anmeldung für den Umzug</h1>
<h2>der 58. Kavalkade in Diekirch, am 15. Februar 2026</h2>
<h3>bis spätestens 1. Dezember 2025</h3>
<p>Die Höchstzahl der beteiligenden Gruppen (einschließlich der Musikvereine und Fahrzeuge) beträgt 50 Einheiten.</p>

<p>Anmeldung für den Umzug der 58. Kavalkade in Diekirch, am 15. Februar 2026 bis spätestens 1. Dezember 2025 Die Höchstzahl [&hellip;]</p>

<!-- This site is optimized with the Yoast SEO plugin v21.9.1 - https://yoast.com/wordpress/plugins/seo/ -->
<title>Anmeldung - Carnaval de Diekirch</title>
<meta name="description" content="Depuis 1870, la cavalcade de Diekirch est la coutume du carnaval luxembourgeois." />
<meta name="robots" content="index, follow, max-snippet:-1, max-image-preview:large, max-video-preview:-1" />
<link rel="canonical" href="https://cavalcade.lu/de/anmeldung-umzug-2026/" />
<meta property="og:locale" content="de_DE" />
<meta property="og:type" content="article" />
<meta property="og:title" content="Anmeldung - Carnaval de Diekirch" />
<meta property="og:description" content="Depuis 1870, la cavalcade de Diekirch est la coutume du carnaval luxembourgeois." />
<meta property="og:url" content="https://cavalcade.lu/de/anmeldung-umzug-2026/" />
<meta property="og:site_name" content="Carnaval de Diekirch" />
<meta property="article:modified_time" content="2025-10-16T14:00:06+00:00" />
<meta name="twitter:card" content="summary_large_image" />
<meta name="twitter:label1" content="Geschätzte Lesezeit" />
	<meta name="twitter:data1" content="1 Minute" />
<script type="application/ld+json" class="yoast-schema-graph">{"@context":"https://schema.org","@graph":[{"@type":"WebPage","@id":"https://cavalcade.lu/de/anmeldung-umzug-2026/","url":"https://cavalcade.lu/de/anmeldung-umzug-2026/","name":"Anmeldung - Carnaval de Diekirch","isPartOf":{"@id":"https://cavalcade.lu/fr/#website"},"datePublished":"2023-10-19T12:10:31+00:00","dateModified":"2025-10-16T14:00:06+00:00","description":"Depuis 1870, la cavalcade de Diekirch est la coutume du carnaval luxembourgeois.","breadcrumb":{"@id":"https://cavalcade.lu/de/anmeldung-umzug-2026/#breadcrumb"},"inLanguage":"de","potentialAction":[{"@type":"ReadAction","target":["https://cavalcade.lu/de/anmeldung-umzug-2026/"]}]},{"@type":"BreadcrumbList","@id":"https://cavalcade.lu/de/anmeldung-umzug-2026/#breadcrumb","itemListElement":[{"@type":"ListItem","position":1,"name":"Home","item":"https://cavalcade.lu/de/"},{"@type":"ListItem","position":2,"name":"Anmeldung"}]},{"@type":"WebSite","@id":"https://cavalcade.lu/fr/#website","url":"https://cavalcade.lu/fr/","name":"Carnaval de Diekirch","description":"Depuis 1870, la cavalcade de Diekirch est la coutume du carnaval luxembourgeois.","potentialAction":[{"@type":"SearchAction","target":{"@type":"EntryPoint","urlTemplate":"https://cavalcade.lu/fr/?s={search_term_string}"},"query-input":"required name=search_term_string"}],"inLanguage":"de"}]}</script>
<!-- / Yoast SEO plugin. -->
