{"id":5403,"date":"2023-10-19T13:25:15","date_gmt":"2023-10-19T11:25:15","guid":{"rendered":"https:\/\/cavalcade.lu\/?page_id=5403"},"modified":"2025-10-16T16:57:06","modified_gmt":"2025-10-16T14:57:06","slug":"inscription-cortege-2026","status":"publish","type":"page","link":"https:\/\/cavalcade.lu\/fr\/inscription-cortege-2026\/","title":{"rendered":"Inscription"},"content":{"rendered":"<h1>\u200b\u200bInscription au cort\u00e8ge<\/h1>\n<h2>de la 58e Cavalcade de Diekirch, le 15 f\u00e9vrier 2026<\/h2>\n<h3>jusqu&rsquo;au 1er d\u00e9cembre 2025 au plus tard<\/h3>\n<p>Le nombre maximal de groupes participants (y compris les associations musicales et les v\u00e9hicules) s&rsquo;\u00e9l\u00e8ve \u00e0 50<span style=\"font-weight: bold; line-height: 1.2;\">.<\/span><\/p>\n","protected":false},"excerpt":{"rendered":"<p>\u200b\u200bInscription au cort\u00e8ge de la 58e Cavalcade de Diekirch, le 15 f\u00e9vrier 2026 jusqu&rsquo;au 1er d\u00e9cembre 2025 au plus tard [&hellip;]<\/p>\n","protected":false},"author":1,"featured_media":0,"parent":0,"menu_order":23,"comment_status":"closed","ping_status":"closed","template":"page-inscription.php","meta":{"footnotes":""},"acf":[],"yoast_head":"<!-- This site is optimized with the Yoast SEO plugin v21.9.1 - https:\/\/yoast.com\/wordpress\/plugins\/seo\/ -->\n<title>Inscription - Carnaval de Diekirch<\/title>\n<meta name=\"description\" content=\"Depuis 1870, la cavalcade de Diekirch est la coutume du carnaval luxembourgeois.\" \/>\n<meta name=\"robots\" content=\"index, follow, max-snippet:-1, max-image-preview:large, max-video-preview:-1\" \/>\n<link rel=\"canonical\" href=\"https:\/\/cavalcade.lu\/fr\/inscription-cortege-2026\/\" \/>\n<meta property=\"og:locale\" content=\"fr_FR\" \/>\n<meta property=\"og:type\" content=\"article\" \/>\n<meta property=\"og:title\" content=\"Inscription - Carnaval de Diekirch\" \/>\n<meta property=\"og:description\" content=\"Depuis 1870, la cavalcade de Diekirch est la coutume du carnaval luxembourgeois.\" \/>\n<meta property=\"og:url\" content=\"https:\/\/cavalcade.lu\/fr\/inscription-cortege-2026\/\" \/>\n<meta property=\"og:site_name\" content=\"Carnaval de Diekirch\" \/>\n<meta property=\"article:modified_time\" content=\"2025-10-16T14:57:06+00:00\" \/>\n<meta name=\"twitter:card\" content=\"summary_large_image\" \/>\n<meta name=\"twitter:label1\" content=\"Dur\u00e9e de lecture estim\u00e9e\" \/>\n\t<meta name=\"twitter:data1\" content=\"1 minute\" \/>\n<script type=\"application\/ld+json\" class=\"yoast-schema-graph\">{\"@context\":\"https:\/\/schema.org\",\"@graph\":[{\"@type\":\"WebPage\",\"@id\":\"https:\/\/cavalcade.lu\/fr\/inscription-cortege-2026\/\",\"url\":\"https:\/\/cavalcade.lu\/fr\/inscription-cortege-2026\/\",\"name\":\"Inscription - Carnaval de Diekirch\",\"isPartOf\":{\"@id\":\"https:\/\/cavalcade.lu\/fr\/#website\"},\"datePublished\":\"2023-10-19T11:25:15+00:00\",\"dateModified\":\"2025-10-16T14:57:06+00:00\",\"description\":\"Depuis 1870, la cavalcade de Diekirch est la coutume du carnaval luxembourgeois.\",\"breadcrumb\":{\"@id\":\"https:\/\/cavalcade.lu\/fr\/inscription-cortege-2026\/#breadcrumb\"},\"inLanguage\":\"fr-FR\",\"potentialAction\":[{\"@type\":\"ReadAction\",\"target\":[\"https:\/\/cavalcade.lu\/fr\/inscription-cortege-2026\/\"]}]},{\"@type\":\"BreadcrumbList\",\"@id\":\"https:\/\/cavalcade.lu\/fr\/inscription-cortege-2026\/#breadcrumb\",\"itemListElement\":[{\"@type\":\"ListItem\",\"position\":1,\"name\":\"Home\",\"item\":\"https:\/\/cavalcade.lu\/fr\/\"},{\"@type\":\"ListItem\",\"position\":2,\"name\":\"Inscription\"}]},{\"@type\":\"WebSite\",\"@id\":\"https:\/\/cavalcade.lu\/fr\/#website\",\"url\":\"https:\/\/cavalcade.lu\/fr\/\",\"name\":\"Carnaval de Diekirch\",\"description\":\"Depuis 1870, la cavalcade de Diekirch est la coutume du carnaval luxembourgeois.\",\"potentialAction\":[{\"@type\":\"SearchAction\",\"target\":{\"@type\":\"EntryPoint\",\"urlTemplate\":\"https:\/\/cavalcade.lu\/fr\/?s={search_term_string}\"},\"query-input\":\"required name=search_term_string\"}],\"inLanguage\":\"fr-FR\"}]}<\/script>\n<!-- \/ Yoast SEO plugin. -->","yoast_head_json":{"title":"Inscription - Carnaval de Diekirch","description":"Depuis 1870, la cavalcade de Diekirch est la coutume du carnaval luxembourgeois.","robots":{"index":"index","follow":"follow","max-snippet":"max-snippet:-1","max-image-preview":"max-image-preview:large","max-video-preview":"max-video-preview:-1"},"canonical":"https:\/\/cavalcade.lu\/fr\/inscription-cortege-2026\/","og_locale":"fr_FR","og_type":"article","og_title":"Inscription - Carnaval de Diekirch","og_description":"Depuis 1870, la cavalcade de Diekirch est la coutume du carnaval luxembourgeois.","og_url":"https:\/\/cavalcade.lu\/fr\/inscription-cortege-2026\/","og_site_name":"Carnaval de Diekirch","article_modified_time":"2025-10-16T14:57:06+00:00","twitter_card":"summary_large_image","twitter_misc":{"Dur\u00e9e de lecture estim\u00e9e":"1 minute"},"schema":{"@context":"https:\/\/schema.org","@graph":[{"@type":"WebPage","@id":"https:\/\/cavalcade.lu\/fr\/inscription-cortege-2026\/","url":"https:\/\/cavalcade.lu\/fr\/inscription-cortege-2026\/","name":"Inscription - Carnaval de Diekirch","isPartOf":{"@id":"https:\/\/cavalcade.lu\/fr\/#website"},"datePublished":"2023-10-19T11:25:15+00:00","dateModified":"2025-10-16T14:57:06+00:00","description":"Depuis 1870, la cavalcade de Diekirch est la coutume du carnaval luxembourgeois.","breadcrumb":{"@id":"https:\/\/cavalcade.lu\/fr\/inscription-cortege-2026\/#breadcrumb"},"inLanguage":"fr-FR","potentialAction":[{"@type":"ReadAction","target":["https:\/\/cavalcade.lu\/fr\/inscription-cortege-2026\/"]}]},{"@type":"BreadcrumbList","@id":"https:\/\/cavalcade.lu\/fr\/inscription-cortege-2026\/#breadcrumb","itemListElement":[{"@type":"ListItem","position":1,"name":"Home","item":"https:\/\/cavalcade.lu\/fr\/"},{"@type":"ListItem","position":2,"name":"Inscription"}]},{"@type":"WebSite","@id":"https:\/\/cavalcade.lu\/fr\/#website","url":"https:\/\/cavalcade.lu\/fr\/","name":"Carnaval de Diekirch","description":"Depuis 1870, la cavalcade de Diekirch est la coutume du carnaval luxembourgeois.","potentialAction":[{"@type":"SearchAction","target":{"@type":"EntryPoint","urlTemplate":"https:\/\/cavalcade.lu\/fr\/?s={search_term_string}"},"query-input":"required name=search_term_string"}],"inLanguage":"fr-FR"}]}},"_links":{"self":[{"href":"https:\/\/cavalcade.lu\/fr\/wp-json\/wp\/v2\/pages\/5403"}],"collection":[{"href":"https:\/\/cavalcade.lu\/fr\/wp-json\/wp\/v2\/pages"}],"about":[{"href":"https:\/\/cavalcade.lu\/fr\/wp-json\/wp\/v2\/types\/page"}],"author":[{"embeddable":true,"href":"https:\/\/cavalcade.lu\/fr\/wp-json\/wp\/v2\/users\/1"}],"replies":[{"embeddable":true,"href":"https:\/\/cavalcade.lu\/fr\/wp-json\/wp\/v2\/comments?post=5403"}],"version-history":[{"count":0,"href":"https:\/\/cavalcade.lu\/fr\/wp-json\/wp\/v2\/pages\/5403\/revisions"}],"wp:attachment":[{"href":"https:\/\/cavalcade.lu\/fr\/wp-json\/wp\/v2\/media?parent=5403"}],"curies":[{"name":"wp","href":"https:\/\/api.w.org\/{rel}","templated":true}]}}

<h1>​​Inscription au cortège</h1>
<h2>de la 58e Cavalcade de Diekirch, le 15 février 2026</h2>
<h3>jusqu&rsquo;au 1er décembre 2025 au plus tard</h3>
<p>Le nombre maximal de groupes participants (y compris les associations musicales et les véhicules) s&rsquo;élève à 50<span style="font-weight: bold; line-height: 1.2;">.</span></p>

<p>​​Inscription au cortège de la 58e Cavalcade de Diekirch, le 15 février 2026 jusqu&rsquo;au 1er décembre 2025 au plus tard [&hellip;]</p>

<!-- This site is optimized with the Yoast SEO plugin v21.9.1 - https://yoast.com/wordpress/plugins/seo/ -->
<title>Inscription - Carnaval de Diekirch</title>
<meta name="description" content="Depuis 1870, la cavalcade de Diekirch est la coutume du carnaval luxembourgeois." />
<meta name="robots" content="index, follow, max-snippet:-1, max-image-preview:large, max-video-preview:-1" />
<link rel="canonical" href="https://cavalcade.lu/fr/inscription-cortege-2026/" />
<meta property="og:locale" content="fr_FR" />
<meta property="og:type" content="article" />
<meta property="og:title" content="Inscription - Carnaval de Diekirch" />
<meta property="og:description" content="Depuis 1870, la cavalcade de Diekirch est la coutume du carnaval luxembourgeois." />
<meta property="og:url" content="https://cavalcade.lu/fr/inscription-cortege-2026/" />
<meta property="og:site_name" content="Carnaval de Diekirch" />
<meta property="article:modified_time" content="2025-10-16T14:57:06+00:00" />
<meta name="twitter:card" content="summary_large_image" />
<meta name="twitter:label1" content="Durée de lecture estimée" />
	<meta name="twitter:data1" content="1 minute" />
<script type="application/ld+json" class="yoast-schema-graph">{"@context":"https://schema.org","@graph":[{"@type":"WebPage","@id":"https://cavalcade.lu/fr/inscription-cortege-2026/","url":"https://cavalcade.lu/fr/inscription-cortege-2026/","name":"Inscription - Carnaval de Diekirch","isPartOf":{"@id":"https://cavalcade.lu/fr/#website"},"datePublished":"2023-10-19T11:25:15+00:00","dateModified":"2025-10-16T14:57:06+00:00","description":"Depuis 1870, la cavalcade de Diekirch est la coutume du carnaval luxembourgeois.","breadcrumb":{"@id":"https://cavalcade.lu/fr/inscription-cortege-2026/#breadcrumb"},"inLanguage":"fr-FR","potentialAction":[{"@type":"ReadAction","target":["https://cavalcade.lu/fr/inscription-cortege-2026/"]}]},{"@type":"BreadcrumbList","@id":"https://cavalcade.lu/fr/inscription-cortege-2026/#breadcrumb","itemListElement":[{"@type":"ListItem","position":1,"name":"Home","item":"https://cavalcade.lu/fr/"},{"@type":"ListItem","position":2,"name":"Inscription"}]},{"@type":"WebSite","@id":"https://cavalcade.lu/fr/#website","url":"https://cavalcade.lu/fr/","name":"Carnaval de Diekirch","description":"Depuis 1870, la cavalcade de Diekirch est la coutume du carnaval luxembourgeois.","potentialAction":[{"@type":"SearchAction","target":{"@type":"EntryPoint","urlTemplate":"https://cavalcade.lu/fr/?s={search_term_string}"},"query-input":"required name=search_term_string"}],"inLanguage":"fr-FR"}]}</script>
<!-- / Yoast SEO plugin. -->
